Let i = -65 - -69. Suppose 0 = 4*t - 5*m - 127 + 44, 4*t + i*m = 92. What is the highest common divisor of 143 and t?
11
Let p(i) = i**2 + i. Let w be p(3). Let n = -188 + 445. Suppose -5*u + n = w. What is the highest common divisor of 7 and u?
7
Let z(c) = c + 3. Let u(r) = -23. Let v(w) = -u(w) + 5*z(w). Let f be v(-6). Suppose -51 + 363 = 3*t. What is the highest common divisor of t and f?
8
Suppose v = 4*i - 47, v + 19 = -527*i + 529*i. Let h be (89 + -1)*7/4. Calculate the greatest common factor of i and h.
14
Suppose n + n - 23 = 5*a, 6 = -2*a. Suppose 0 = -10*s + 68 - 18. Suppose 98 = 2*d + 3*h, 2*h = -d + s*h + 58. What is the highest common factor of n and d?
4
Let x(g) = 11*g + 6. Let w be x(2). Let l = -23 + w. Suppose -3*u + 720 = -2*a, u - l*a - 230 = -a. Calculate the highest common factor of u and 22.
22
Let s = 14926 - 9676. Suppose -2*w + s = 23*w. What is the greatest common factor of w and 5?
5
Let h = 12 + -9. Let m be 2 - ((0 - 71) + h). Let g = 12 + -5. What is the greatest common divisor of g and m?
7
Let h be (7 - (-117)/(-26))*(2 + 708). Calculate the greatest common factor of h and 75.
25
Let r be (1 - 0)/(2/14). Let y(l) = -2*l**2 - 9*l + 1. Let p be y(-4). Suppose r*a = p*a + 60. Calculate the greatest common divisor of 240 and a.
30
Let j be (126/27)/(2/(-15) - 5/(-25)). Calculate the highest common divisor of 3514 and j.
14
Let q = 592 - 443. Suppose -2*x = -23 - 17. Suppose 3*u = -x + q. Calculate the greatest common factor of 387 and u.
43
Let x be 63/6 + -15 + 1935/10. Calculate the highest common factor of 399 and x.
21
Suppose 3*v - 5 = -2*v, -3*d - 58 = 5*v. Let p be 71108/203 + (1 - (-27)/d). What is the greatest common divisor of p and 28?
14
Suppose 8*t - 5*t + 9*t - 266400 = 0. What is the highest common divisor of t and 111?
111
Suppose -1138*n + 1174*n = 16416. What is the highest common divisor of 24 and n?
24
Suppose 3*o = -0*x - 4*x + 2780, 932 = o - 4*x. Calculate the greatest common factor of 58 and o.
58
Suppose 9 = 3*g - l - 1399, -1909 = -4*g - 5*l. Let w = g + -463. What is the highest common factor of w and 120?
8
Suppose 33*t - 5*z = 29*t + 149, 0 = 2*t - 4*z - 76. Suppose -4*b - 4*o = -96, -120 = -4*b - b + 5*o. Calculate the highest common factor of t and b.
12
Let j(a) = -16*a - 14 - a**2 - a**2 + a. Suppose -f = c - 117 + 126, 3*f - c + 15 = 0. Let d be j(f). What is the highest common factor of d and 20?
4
Let y be 7708/(-82)*(-2)/1. Calculate the greatest common divisor of 1786 and y.
94
Let d(h) = -2211*h**3 - 20*h**2 - 20*h - 1. Let g be d(-1). What is the highest common divisor of g and 130?
130
Let m(w) = w**2 - 30*w - 3036. Let z be m(74). Suppose 264 = 3*t - 0*t. Calculate the highest common divisor of t and z.
44
Suppose 0 = 15*c + 5*o - 2895 - 1550, -5*c + 4*o = -1442. Calculate the greatest common factor of 24 and c.
6
Let y(c) = 2*c**3 + 2*c**2 - 7. Let f be y(4). Let u(j) = -j + 28. Let z be u(19). What is the highest common factor of z and f?
9
Let h = -41 + 43. Suppose 4*w - h*r + 3*r = -26, -3*r - 12 = w. Let c be -1*w/((-24)/(-76)). Calculate the greatest common divisor of 152 and c.
19
Suppose 3*t - 1693 = 4*i, -7*t + 5*i + 3285 + 674 = 0. What is the highest common divisor of 648 and t?
81
Let m be 29325/322 + 1/(-14). Suppose 385 = 4*g + 4*d - 11, -3*g + 4*d + 332 = 0. Calculate the greatest common factor of m and g.
13
Let x be 31 + 16/(384/(-312)). What is the highest common divisor of 639 and x?
9
Suppose 0 = -190*c + 191*c + 2*w - 9, 0 = -4*w - 32. What is the highest common divisor of c and 8575?
25
Let n(s) = s**3 + 13*s**2 + 13*s - 1. Let u be n(-10). Let r = 99131 - 99118. What is the highest common factor of u and r?
13
Suppose -22*y = -24 - 328. Suppose 5*w + 4*p = 144, 42 = 2*w + 2*p - y. What is the greatest common divisor of w and 154?
14
Let x be (-32730959)/(-788) - (0 - 14/(-8)). What is the greatest common factor of 13 and x?
13
Let c = 2 + 32. Suppose -3*d + 8*d = 2*q + 176, -q = -d + c. Suppose -2*g + 14 = 4*s, -3*s + 9 - 3 = g. Calculate the greatest common factor of d and g.
9
Let v(u) = 87*u**2 - u - 1. Let h be v(1). Suppose 80*y - h*y + 850 = 0. What is the greatest common divisor of y and 51?
17
Let b = 6459 + -5757. What is the highest common factor of 1833 and b?
39
Suppose -2105 = -3*p + 549*a - 548*a, 5*p - 3*a = 3515. Calculate the highest common divisor of 28 and p.
28
Suppose -758 = -7*d - 751. Let l be d + 482/18 + (-212)/(-954). What is the highest common divisor of l and 28?
28
Let z be ((-15)/(-30))/(2 + (-214)/108). Suppose 16*k = z*k - 616. Calculate the highest common factor of k and 8.
8
Let q(t) = -17*t - 3. Let h be q(0). Suppose -4*b = -0*b - 4*w - 112, -w + 64 = 3*b. Let v = b - h. Calculate the greatest common factor of v and 65.
13
Let x be (640/90)/((-1)/(-9)). What is the greatest common factor of 5824 and x?
64
Let n be (-5)/(96/(-92) + 1). Suppose -7*o = -n - 816. Calculate the greatest common factor of o and 21.
7
Let v = 80 - 80. Suppose -4*x + 4*i + 1676 = v, -3*x - 2*i + 1282 = -0*x. Calculate the greatest common factor of 53 and x.
53
Let n be (((-4)/6)/1)/((-8)/36). Let x be ((-4)/6 + -4)*n*-2. What is the greatest common divisor of x and 12?
4
Let s = 20491 + -12539. Calculate the highest common divisor of s and 213.
71
Let x(l) = 14*l - 6. Let t be x(4). Suppose 5*b = 34 - 24. Let f be b/(-10) - (-1313)/65. What is the greatest common divisor of f and t?
10
Suppose 242 = 65*d - 43*d - 1166. Calculate the greatest common factor of d and 248.
8
Let o be 0/7*(-1)/2. Suppose o = 2*s - 5*r - 1092, -3*s + 3*r = -s - 1100. Suppose -5*p + 44 = -s. Calculate the greatest common factor of p and 30.
30
Let t be 0 - (1 + 1 + -2). Let g = t - -10. Let h(j) = -j**2 + 41*j + 110. Let y be h(41). Calculate the greatest common factor of y and g.
10
Let x(a) = -a**2 + 33. Let d be x(0). Let o = 122 + -119. Suppose -2*u + 228 - 27 = o*p, 2*u - p = 197. What is the greatest common divisor of d and u?
33
Suppose 489*f - 17911 = -102*f + 18731. Calculate the greatest common divisor of 17546 and f.
62
Let b = -277 + 283. Suppose -4*d + 276 = 32. Let p = d - 37. What is the highest common factor of p and b?
6
Let j(k) = 71*k - 987. Let r be j(16). Calculate the highest common divisor of 1192 and r.
149
Suppose -4*h - 59 = -5*k, k + 4*h - 18 = -k. Suppose -3*j + k = 2*i - 39, 3*j = 0. Suppose -i = -9*t + 4*t. Calculate the greatest common factor of t and 5.
5
Suppose -722 = -596*w + 577*w. What is the highest common factor of w and 3819?
19
Suppose 3*o = -15, -15*d + 93 = -14*d - 2*o. Calculate the highest common divisor of d and 29797.
83
Suppose 3*s = 279 - 78. Let m = -42861 - -43464. What is the highest common divisor of m and s?
67
Let m = -53 - -546. Let f = m + -491. What is the highest common divisor of 32 and f?
2
Let a be (((-430)/(-3))/5)/((-32)/48). Let h(s) = -31*s - 60. Let d be h(a). Calculate the highest common factor of d and 19.
19
Let q be (-24)/10 + 174454/35. What is the highest common divisor of q and 141?
47
Suppose 42*v + 1111 - 10561 = 0. What is the highest common factor of v and 75?
75
Suppose 5*h - 6325 = -5*q, -5*h + q + 6322 = 3*q. Suppose -k + a = -20, 0 = k - 11*a + 6*a - 36. What is the greatest common factor of h and k?
16
Let d = -395 - -584. Suppose 0 = -17*z - 53 + d. Let v be (-2 + -3)*z/20 + 41. What is the greatest common factor of 65 and v?
13
Suppose -12 = 2*o + 4*o. Let b(m) = -44*m - 79. Let g be b(o). Calculate the highest common factor of g and 639.
9
Let k = 2282 - 1882. What is the highest common factor of 12 and k?
4
Suppose 395 = 32*t - 972 + 23. What is the greatest common factor of t and 1548?
6
Let p be (-2211)/6*(-5 + 1). What is the highest common divisor of p and 44?
22
Suppose -67*n = 303 - 1040. What is the highest common divisor of 3047 and n?
11
Suppose -1028*t + 1091*t = 1386. What is the highest common divisor of 814 and t?
22
Let j be (-493)/2465 - (0 - 876/5). Calculate the greatest common factor of j and 1000.
25
Let m = 3646 + -2986. What is the greatest common divisor of 80 and m?
20
Let v = 146 + -70. Let h = 91 - v. Calculate the highest common divisor of 3 and h.
3
Let l(m) be the second derivative of 27*m - 1/6*m**3 + 0 + 0*m**2. Let q be l(-9). What is the hi